 + 1?
12f4
In base 12, what is 5 + 86?
8b
In base 13, what is -2259 + 2?
-2257
In base 14, what is 2 - 1a3?
-1a1
In base 4, what is -2 - -1223?
1221
In base 2, what is 10110 + 1010?
100000
In base 7, what is -1056 + -13?
-1102
In base 11, what is -12 + 55?
43
In base 12, what is a + ba?
108
In base 2, what is -10001001010011 - -11?
-10001001010000
In base 6, what is 10 - -5150?
5200
In base 7, what is 32 + -243?
-211
In base 10, what is 11816 - -1?
11817
In base 14, what is -15 - b?
-22
In base 3, what is 112 - 110?
2
In base 11, what is -42 + -a?
-51
In base 5, what is -2 + -340?
-342
In base 9, what is 538 + 3?
542
In base 9, what is -4 + 25?
21
In base 9, what is -16 + 1164?
1147
In base 13, what is -c9a + -1?
-c9b
In base 14, what is 10 - 9?
5
In base 5, what is 4343 - -20?
4413
In base 7, what is 0 + -1015?
-1015
In base 14, what is 5 + 5c?
63
In base 6, what is -32 + -24?
-100
In base 6, what is -133 + 101?
-32
In base 8, what is 101 - -1?
102
In base 10, what is 2 - -25?
27
In base 8, what is -2 + 4646?
4644
In base 7, what is 4 - 30?
-23
In base 11, what is 2 + -35?
-33
In base 15, what is -d + -9?
-17
In base 3, what is -200 + 121?
-2
In base 2, what is 111101 + -1110?
101111
In base 2, what is -11111 - 1100011?
-10000010
In base 14, what is -5 - 4c?
-53
In base 13, what is -8 + -5ac?
-5b7
In base 15, what is 4 + 247?
24b
In base 12, what is -2 - -58a9?
58a7
In base 12, what is -1b - 14?
-33
In base 9, what is 762 + -1?
761
In base 14, what is -4 + 5?
1
In base 4, what is -2221 - 10?
-2231
In base 15, what is -212 - 9?
-21b
In base 12, what is -316 + 3?
-313
In base 2, what is 1101011011110 - -1?
1101011011111
In base 10, what is -7 + 30?
23
In base 4, what is 203 + 0?
203
In base 3, what is 201 - 100?
101
In base 10, what is -18477 - -5?
-18472
In base 5, what is 340243 + -2?
340241
In base 4, what is 121 + 21102?
21223
In base 15, what is 4 - -1a?
1e
In base 15, what is 49 - 5?
44
In base 12, what is -1 + 1050?
104b
In base 14, what is b - 7?
4
In base 11, what is 19 - 1?
18
In base 14, what is 1d6 - 1?
1d5
In base 5, what is -2 - -130221?
130214
In base 5, what is 230 + 24?
304
In base 7, what is 2 + 5452?
5454
In base 15, what is 4 - 6b?
-67
In base 2, what is 110010 + 10?
110100
In base 4, what is 0 - 30312?
-30312
In base 5, what is 11 - 2?
4
In base 3, what is 210012 + 2?
210021
In base 6, what is -31 - 113?
-144
In base 14, what is -2 + 39?
37
In base 6, what is -2230 + 3?
-2223
In base 12, what is -7 + -593?
-59a
In base 7, what is 2 - 11?
-6
In base 6, what is 15 - 2131?
-2112
In base 5, what is -3112 - 124?
-3241
In base 5, what is 44 + 3?
102
In base 7, what is -342 - -3?
-336
In base 11, what is 9 + 4?
12
In base 2, what is -1 + 11111?
11110
In base 14, what is 1072 + 0?
1072
In base 5, what is 11 + 1003?
1014
In base 10, what is -7 - 2?
-9
In base 4, what is 3 + 102022?
102031
In base 5, what is 42330 - 4?
42321
In base 6, what is -4125 - 24?
-4153
In base 4, what is 10010 + -3?
10001
In base 16, what is 1 - 26?
-25
In base 11, what is 3 + -412?
-40a
In base 6, what is 2 - -3043?
3045
In base 14, what is -105 + 8?
-db
In base 8, what is -4 + -147?
-153
In base 4, what is -12 - -231?
213
In base 6, what is 0 + -1334?
-1334
In base 3, what is -11 + 112111?
112100
In base 2, what is -1 + -11001?
-11010
In base 11, what is 2 - -1461?
1463
In base 13, what is -63 - -10?
-53
In base 13, what is -4 + 42?
3b
In base 5, what is 413 + -21?
342
In base 16, what is -9ae - -3?
-9ab
In base 13, what is 4 - -15?
19
In base 5, what is -11432 - -4?
-11423
In base 2, what is -1101 - -11010?
1101
In base 15, what is 9 - -e?
18
In base 9, what is -1 - -84?
83
In base 3, what is -1 - 12200?
-12201
In base 6, what is 1253 - -1?
1254
In base 8, what is 34 + -210?
-154
In base 6, what is 2 + 1002?
1004
In base 6, what is -103 - 3?
-110
In base 2, what is -1000 + -101011?
-110011
In base 7, what is -2 + -420?
-422
In base 11, what is 94 + 87?
170
In base 13, what is 2 - -8bc?
8c1
In base 16, what is 3 + 5c8?
5cb
In base 4, what is -32 + 102?
10
In base 8, what is -5 - -4203?
4176
In base 3, what is 2 + 2100220?
2100222
In base 14, what is 12 + -5?
b
In base 10, what is 356 - 0?
356
In base 4, what is -11 - 103333?
-110010
In base 13, what is -6a + -17?
-84
In base 5, what is 12 - 40?
-23
In base 5, what is 11443 + -31?
11412
In base 13, what is -5 - 12a7?
-12ac
In base 9, what is -2 + -53?
-55
In base 7, what is 4 - 163?
-156
In base 10, what is -74 + 5?
-69
In base 14, what is 62 - 0?
62
In base 10, what is 2 - -66?
68
In base 5, what is 1331 - 0?
1331
In base 4, what is 101 - -3?
110
In base 11, what is 1698 + 2?
169a
In base 15, what is 1d9 - -2?
1db
In base 3, what is -200210 - -11?
-200122
In base 3, what is -21002 - 0?
-21002
In base 9, what is 274 - -41?
325
In base 11, what is 12 - -7?
19
In base 15, what is 3e + b?
4a
In base 11, what is 3 + -28?
-25
In base 6, what is -4 - 104?
-112
In base 6, what is -301 - 10?
-311
In base 5, what is 2310430 - 3?
2310422
In base 16, what is a0 - 6?
9a
In base 6, what is -152422 + -2?
-152424
In base 9, what is -4831 - 3?
-4834
In base 9, what is 137 + 5?
143
In base 11, what is -146a9 + 4?
-146a5
In base 6, what is 51 + -4?
43
In base 9, what is 6408 - -2?
6411
In base 3, what is 21 + 121?
212
In base 10, what is 11516 + -2?
11514
In base 15, what is -5 + 2c8?
2c3
In base 14, what is 24 - 1?
23
In base 9, what is 0 - 1080?
-1080
In base 15, what is -e - 1?
-10
In base 5, what is -1 - 3102?
-3103
In base 2, what is 111010000 + 110?
111010110
In base 6, what is -52 + 151?
55
In base 8, what is 143 + -40?
103
In base 10, what is -108 - 30?
-138
In base 5, what is -10 - 11432?
-11442
In base 12, what is 185 + 5?
18a
In base 10, what is -93 + 2?
-91
In base 11, what is 96 + 18?
103
In base 16, what is 217 - -4?
21b
In base 11, what is 8 - 6?
2
In base 13, what is 1203 + 5?
1208
In base 3, what is -100 - -22?
-1
In base 3, what is 10120 - -2?
10122
In base 10, what is 21 - -8?
29
In base 16, what is 0 + -6f?
-6f
In base 14, what is -277 - 2?
-279
In base 15, what is -adc - 2?
-ade
In base 16, what is -b7 - -3?
-b4
In base 5, what is 2 - 111320?
-111313
In base 16, what is -6 + 7?
1
In base 8, what is -202 + -2?
-204
In base 15, what is -11ee + -1?
-1200
In base 14, what is 4a + 1?
4b
In base 4, what is -12012 + 3?
-12003
In base 16, what is 127 + 5?
12c
In base 11, what is 21 - 57?
-36
In base 10, what is 14 - -860?
874
In base 11, what is 54a + -1?
549
In base 14, what is 1556 + 0?
1556
In base 4, what is -303022 + -1?
-303023
In base 12, what is -79 - -6?
-73
In base 15, what is 0 + -b2?
-b2
In base 7, what is 11 - -1403?
1414
In base 4, what is -33 + 10?
-23
In base 8, what is -45 - 5?
-52
In base 8, what is -530 - 3?
-533
In base 8, what is -4 - -1722?
1716
In base 14, what is 135 - -3?
138
In base 4, what is 1 + 210?
211
In base 15, what is -2 + -e?
-11
In base 2, what is -101 + -1011?
-10000
In base 10, what is 47 + 0?
47
In base 16, what is -4 + 10a?
106
In base 16, what is 3 + -13?
-10
In base 6, what is 10 + -31?
-21
In base 9, what is -3 - -17?
14
In base 14, what is -46d2 + 4?
-46cc
In base 3, what is 1 - 1110000?
-1102222
In base 15, what is 1309 + -5?
1304
In base 14, what is 8 - -d6?
100
In base 7, what is 20 - 2?
15
In base 12, what is -38a + 16?
-374
In base 8, what is -1 + 204?
203
In base 7, what is 0 - -42?
42
In base 9, what is -14586 - 1?
-14587
In base 11, what is 0 + -25?
-25
In base 12, what is b + 50?
5b
In base 11, what is 6043 + 4?
6047
In base 9, what is 23 + 101?
124
In base 12, what is -3b - 4b?
-8a
In base 15, what is 4 + 6e?
73
In base 5, what is 2202 - 4?
2143
In base 12, what is 7486 + 3?
7489
In base 6, what is 32 + -4?
24
In base 15, what is -a - 4?
-e
In base 15, what is -5 - -44?
3e
In base 6, what is 30 - -510?
540
In base 16, what is -1 - 2c?
-2d
In base 11, what is -2 + -806?
-808
In base 16, what is -2 - 912?
-914
In base 15, what is 2 + -12?
-10
In base 5, what is 0 + -1030?
-1030
In base 10, what is 8 + -1012?
-1004
In base 14, what is -13a + -2?
-13c
In base 10, what is 268 + -5?
263
In base 11, what is 2107 + -2?
2105
In base 14, what is 14662 + -2?
14660
In base 8, what is 54 + 21?
75
In base 5, what is -10 + 1031?
1021
In base 8, what is 2 + 171?
173
In 